 f.
1
Let z(f) = f + 96. Let r be z(0). Calculate the highest common factor of r and 24.
24
Suppose -181 = -3*j - u, -1 = -4*u + 3. Calculate the highest common divisor of j and 15.
15
Suppose 5*u - 169 = -2*n, 3*u + 2*n = 5*n + 114. What is the greatest common divisor of 140 and u?
35
Let s = 77 + 202. What is the greatest common divisor of 9 and s?
9
Suppose v + 4*v = 25. Let q(z) = -46*z**3 - 2*z**2 - 3*z - 2. Let n be q(-1). Calculate the greatest common factor of v and n.
5
Let o(a) be the first derivative of -a**4/4 + 7*a**3/3 + 3*a**2 - 6*a - 1. Let p be o(7). What is the highest common factor of p and 6?
6
Suppose m - 60 = -5. Suppose 0 = 3*k - m + 10. Calculate the greatest common factor of 30 and k.
15
Suppose -r + 1 + 3 = -2*b, -1 = -r + 3*b. Calculate the highest common divisor of r and 30.
10
Suppose 33 = x + 5*l, 5*x = -4*l + 75 + 6. Let b(y) = -105*y - 1. Let q be b(-1). Calculate the highest common divisor of x and q.
13
Suppose 3*o - 4 - 32 = 0. Suppose -116 = -4*s + o. Calculate the highest common divisor of s and 48.
16
Let v be ((-12)/(-9))/(2/75). Let t be -2*(1 + (-12)/8)*20. Calculate the highest common factor of t and v.
10
Let h = -5 + 8. Suppose 51 = 3*i + h*x - 42, 3*i - 109 = x. Calculate the highest common factor of i and 5.
5
Suppose 3*w = 32 - 8. What is the highest common divisor of 8 and w?
8
Let o(h) = 9*h**3 - 6*h**2 + h + 4. Let y be o(2). What is the greatest common factor of y and 135?
27
Suppose 5*p - 2*f = 4*p + 15, 42 = 4*p - 2*f. What is the greatest common divisor of 9 and p?
9
Let k(c) = -c**3 + 2*c**2 + 2*c + 3. Let w be k(3). Suppose -2*m = -5*i - w*i + 90, i - m - 15 = 0. What is the highest common factor of i and 50?
10
Suppose -5*l - 3*o = -10*l, 0 = -2*l + 3*o. Let u = 5 - l. Let j(g) = g**3 - 6*g**2 + 7*g - 4. Let h be j(u). What is the greatest common factor of 2 and h?
2
Suppose -9*o + 54 = -0*o. What is the highest common divisor of 150 and o?
6
Suppose -2*d = 11 + 13. Let n = d - -21. Calculate the highest common factor of n and 18.
9
Suppose 59*j - 56*j = 81. Calculate the highest common divisor of 27 and j.
27
Let h be -27*((-104)/12 - -4). What is the highest common divisor of 14 and h?
14
Let m be -17*(0 - (-2 - -3)). Let t(l) = 4*l**2 + 5*l + 2. Let k be t(-3). Let x = k + -6. Calculate the highest common factor of m and x.
17
Suppose 5*a = 2*a + 138. Let n = a - 33. What is the greatest common divisor of 13 and n?
13
Suppose -o = -2*o + 19. Suppose 33 = q - 24. What is the highest common divisor of q and o?
19
Let k = 72 - 51. Let v = 13 - 11. Suppose -8 = -2*h - v. Calculate the highest common factor of k and h.
3
Suppose 0 = 2*k - 3*a - 162, a - 181 = -2*k - 35. Let z = k + -40. Calculate the greatest common factor of z and 7.
7
Suppose 4*v + 4*v = -448. Let u be ((-30)/8)/(3/v). What is the greatest common divisor of u and 28?
14
Let a = -25 - -48. What is the highest common factor of 207 and a?
23
Let l = -23 + -57. Let v be l/(-14) + (-12)/(-42). Calculate the greatest common divisor of 12 and v.
6
Suppose -3*h = -7*h + 44. What is the greatest common factor of 55 and h?
11
Suppose -2*n + 26 = 4*v, -v - 32 = -4*v - 4*n. Suppose 4*q + v*b - 3*b = 13, 0 = 5*q + 4*b - 30. What is the highest common factor of q and 22?
2
Let j = -36 + 51. What is the highest common factor of 15 and j?
15
Let v(o) = 2*o**2 - 4. Let r be v(3). Calculate the highest common divisor of 112 and r.
14
Suppose -7*k = -2*k - 15. Suppose -24 = 6*g - 2*g + 2*y, -39 = 5*g - 2*y. Let q = g + 10. Calculate the highest common divisor of q and k.
3
Let d = -12 + 18. Suppose 0 = d*m - 3*m - 12. Suppose -22 = -3*g - m*f, -2 = -3*g + 4*f + 12. Calculate the greatest common divisor of g and 6.
6
Let s(f) = f - 2. Let z be s(6). Let n be (8 + -18)*(1 - 2)*2. Calculate the highest common factor of n and z.
4
Let u(y) = -y**3 - 2*y**2 - 2*y + 1. Let d be u(-2). Suppose 2*i - d*c = 65, -i = 5*c - 10*c - 40. Calculate the greatest common divisor of 10 and i.
5
Let j = 18 - 11. Suppose 5 = 3*p - j. What is the greatest common divisor of 36 and p?
4
Let g be 1*(2 + -4 + 1). Let s = g + -3. Let w be 6 + s/(-2) + -2. Calculate the highest common factor of w and 30.
6
Suppose 0 = a + 3*z - 6*z - 5, 2*a + z = 10. Let f be (-4)/(-6) + a/15. What is the highest common divisor of 3 and f?
1
Let j be 51/(3*(-5)/(-10)). Calculate the greatest common factor of 85 and j.
17
Let c = 46 + -38. What is the highest common factor of c and 8?
8
Suppose 96 = 3*w + q - 62, -w - 2*q + 46 = 0. Calculate the greatest common divisor of w and 6.
6
Suppose -7*a + 20 = 6. Calculate the highest common factor of 8 and a.
2
Suppose -u + 25 = -3*q, 2*u - 3*u + 2*q + 25 = 0. Let i = 17 + -12. Calculate the greatest common divisor of u and i.
5
Let k be (1 - -1)/(-1)*-1. Suppose 5*c + k*j = 7*j - 5, -2*c + 4*j = 10. Let f be 12/((5 + -2)/c). Calculate the highest common factor of 12 and f.
12
Let c = -5 + 4. Let s = 1 - c. Suppose -4*k + u = -28, -s*k + u + 14 = -3*u. What is the greatest common factor of k and 28?
7
Suppose 0*f - 4*f = 4*d - 8, -3*f - 2*d = -2. Let v be 27 + -1 - f/(-1). Calculate the highest common factor of 3 and v.
3
Let u(a) = -a - 14 - a + 0*a. Let g be u(-11). What is the highest common factor of g and 72?
8
Suppose k - 3 = -1. Suppose g = -k*g + 15. Let c be (-2 - g/(-2))*6. Calculate the greatest common factor of c and 15.
3
Let g be 2*((-5)/(-2) + -1). Suppose 4 + 3 = -y. Let i be (y + 2)/((-1)/3). Calculate the highest common divisor of g and i.
3
Suppose 4*s = 5*o + 201 + 68, -5*o + 61 = s. Suppose 3*u - s = u. Calculate the highest common divisor of u and 3.
3
Let v be 2 + (-36)/(-4) + -1. Calculate the highest common factor of 6 and v.
2
Let y = -36 - -41. Let f be 32/14 + (-2)/7. What is the highest common divisor of f and y?
1
Suppose w + 3*l = 3, 3*l - 5*l + 15 = 5*w. Calculate the greatest common factor of w and 24.
3
Let o(v) = 2*v**3 - 3*v**2 + 1. Let t be o(2). Let b be 381/15 + (-2)/t. Let l = 5 - -5. What is the highest common divisor of b and l?
5
Let k be (-1683)/(-12) - (-3)/(-12). What is the greatest common factor of k and 20?
20
Suppose 18*q = 17*q + 22. Calculate the highest common divisor of 55 and q.
11
Suppose -2*p = -8, 0 = 2*o + p - 14 + 4. Let q be (30/2)/o + 1. What is the highest common divisor of 12 and q?
6
Suppose 24 = -4*c + 6*c. Suppose 4*g + 22 = 5*b, 3*b - b = 3*g + 13. Let o be (-4 - -2) + (-18)/g. Calculate the highest common factor of o and c.
4
Let r = 72 - 44. Suppose r = n - 7. Suppose -6*w = -4*q - w + 8, 3*w = -4*q + 40. What is the greatest common divisor of n and q?
7
Let n be 1 + ((-45)/10)/(6/(-40)). What is the greatest common divisor of 341 and n?
31
Suppose 2*o - 2*d + 36 = -o, -4*d = -3*o - 36. Let t be 40/o*6/(-5). Suppose 8 = 2*b - 4*s - 0, b - 6 = t*s. What is the greatest common factor of b and 1?
1
Let a = 8 - 5. Suppose 3*v = 3*m - 234 + 18, -m = a*v - 64. Calculate the highest common factor of 14 and m.
14
Let o = -38 + 254. What is the greatest common factor of 27 and o?
27
Suppose -3*k + 6*k = 12. Suppose -k*b + u = -36, -3*b + 2*u + 12 = 5*u. What is the greatest common factor of 88 and b?
8
Let s be (-4846)/(-10) - 9/15. What is the highest common divisor of 44 and s?
44
Let u be (-2)/(-10) + 74/5. Let t = 29 + u. What is the greatest common factor of 4 and t?
4
Let k be 572/6*45/15. Calculate the greatest common factor of k and 26.
26
Let c be (-4)/(-22) + (-84)/(-22). Calculate the greatest common factor of 32 and c.
4
Let g = -69 - -149. Let q be (-4)/(-16) + 126/8. Calculate the greatest common divisor of g and q.
16
Let a be (-1)/(0 - 2/4). What is the greatest common factor of a and 18?
2
Suppose -606 = -5*t - 166. Suppose 2*n + 2 + 2 = 0, 284 = -5*s + 3*n. Let i be s/(-7) - (-6)/(-21). Calculate the greatest common factor of t and i.
8
Let w(p) = 75*p**3 + p - 1. Let u be w(1). Let x = -49 - -14. Let k = 65 + x. Calculate the greatest common factor of k and u.
15
Suppose 52 = 6*l - 44. Calculate the highest common divisor of l and 16.
16
Suppose -32*v = -34*v + 52. Calculate the highest common factor of 208 and v.
26
Let b be (-1)/(-3) + (-526)/(-6). Let q = b + -55. Calculate the highest common divisor of q and 3.
3
Let x be 2*-1 + (7 - -13). Let d be ((-32